t d be (-5)/((-15)/(-12)) - -7. Let j be (d + -3)/(2/2). Let b(x) = -x**2 + 2*x + 8. What is b(j)?
8
Let d(b) be the third derivative of b**5/5 - b**4/8 - 7*b**3/6 - 377*b**2 - 5. What is d(-2)?
47
Let s(o) = 2*o**2 - 220*o**3 + 464*o**3 + 0*o**2 - 2*o + 23 - 245*o**3. Determine s(0).
23
Let q(l) = 32*l + 166. Let h = -80 - -75. Let f be q(h). Let t(v) = v**3 - 6*v**2 - 3. What is t(f)?
-3
Let g = 8936 + -8932. Let i(c) = -2*c**3 + 10*c**2 - 5*c - 11. Determine i(g).
1
Let c(i) be the third derivative of 1/60*i**5 - 3*i**2 + 13/24*i**4 + 7/6*i**3 + 31*i + 0. Give c(-12).
-5
Let h(x) be the second derivative of -x**5/20 + x**4/4 - 2*x**3/3 + 2*x**2 - x. Let f(u) = -34*u - 69. Let z be f(-10). Let l = z - 268. What is h(l)?
-8
Let s = -249 - -254. Suppose -s*v - 40 = -5*t, v + 0 = -4*t + 27. Let y(w) = -w**2 + 10*w - 8. Determine y(t).
13
Let v = 308 + -290. Suppose m + 7*n - 5*n - 6 = 0, 0 = 2*m - 2*n + v. Let q(h) = h**3 + 6*h**2 + 3*h + 2. Determine q(m).
22
Let a(h) = h**2 - 16*h - 10. Let v be (-6)/(-21) + 984/84 + 5. Calculate a(v).
7
Let a(c) = -8*c - 10. Suppose 4*j = -2*y + 10, 12*y + 4*j = 14*y + 22. Give a(y).
14
Suppose s - 2*t + 2 = 1, 2*t = 4*s - 20. Suppose -1 = 6*o - s*o. Let v(c) = 0*c + c + 7*c**2 + o - 8*c**2. Give v(-4).
-19
Suppose -2*o - 4*s = -20, 2*s - 6*s = -5*o - 6. Let h = 194 + -195. Let l = o - h. Let i(c) = -c + 3. Calculate i(l).
0
Suppose -3*v - 7 = -v - 5*q, -2*v = 4*q - 38. Let z be -125 + 5/15*v. Let k = z - -120. Let t(c) = 11*c - 1. Calculate t(k).
-23
Let m(s) be the first derivative of -4/3*s**3 + 74 - 3*s**2 + 1/4*s**4 - 5*s. Let x = 6 - 1. Calculate m(x).
-10
Let r = 2001 - 2001. Let z(d) = -d**2 - 4*d - 8. Determine z(r).
-8
Let s(u) = 16*u + 9. Let b = 7291 + -7297. Determine s(b).
-87
Let l(g) = -g**3 - 134*g**2 - 1238*g + 21. Let m be l(-10). Let f(b) = -5*b**2 - 3*b + 2. What is f(m)?
-6
Let v be 9/12*10/(-15)*-6. Let r(k) = -8*k + 32. Determine r(v).
8
Let h(w) = 3*w**3 - w**2 + 3*w - 2. Suppose 333 = -23*p + 188 + 168. Calculate h(p).
3
Let j(h) = -208*h + 8765. Let u be j(42). Let s(i) = i**3 - 30*i**2 + 28*i + 46. Calculate s(u).
17
Suppose 5*g - 63 = -7*y, 0 = 59*y - 54*y - 3*g - 45. Let v(s) = -4*s - 4. Give v(y).
-40
Let s(h) = -h**2 - 12*h + 111. Let p be s(-18). Let n(i) = -4*i**2 - 36 - 14*i + 30 + p*i**2 + 24. Determine n(-16).
-14
Let y(d) = d**2 - 46*d + 14. Let n(c) = -2*c**2 + 84*c - 27. Let s(v) = -6*n(v) - 11*y(v). Give s(-5).
23
Let t(z) be the first derivative of z**2/2 + 220. Let j(o) be the second derivative of -o**5/20 - 7*o**4/12 - o**3 + o. Let r be j(-6). What is t(r)?
0
Let z(g) = -5*g**2 - 5 - 5*g + 4*g**2 + 0*g**2. Let p(b) = -b**2 + 417*b + 9194. Let m be p(-21). What is z(m)?
-1
Let u(r) = r**2 + 3*r - 2. Let z(m) = 10*m + 107. Let f be z(-11). Let v(g) = 2*g**2 + 6*g - 4. Let a(p) = f*u(p) + v(p). Give a(-3).
2
Let s(k) be the second derivative of k**3/6 - 5*k**2 - 35*k. Let v(o) = -o**2 - 56*o - 657. Let x be v(-39). What is s(x)?
-4
Let u(y) = y**2 - 2*y - 1. Let l be u(2). Let b(h) be the second derivative of -29*h**5/20 + h**4/12 + h**3/3 + h**2/2 + 27*h + 2. Calculate b(l).
29
Suppose -1732 = 2*f + 4*x, -3*f + 10*x - 2626 = 9*x. Let c = -872 - f. Let z(a) = -a**2 - 3. Calculate z(c).
-7
Let l(s) be the first derivative of -s**2/2 + 5*s + 1. Suppose 10*v - 11 = 9*v. Suppose -16*g - 25 = -v*g. Determine l(g).
10
Let l(k) be the third derivative of 0*k**3 + 13*k**2 + 0 - 1/12*k**5 + 7/24*k**4 - 1/360*k**6 + 0*k. Let r(x) be the second derivative of l(x). What is r(-7)?
4
Let y(n) be the first derivative of -n**3/6 - 7*n**2/2 + 78*n - 24. Let h(s) be the first derivative of y(s). What is h(7)?
-14
Let u(x) = 6430*x + 245 - 12962*x + 6524*x. What is u(32)?
-11
Let v(n) = -n**3 - 4*n**2 + 6*n + 7. Let f be v(-5). Let r(l) be the first derivative of l**2 - 2*l - 257. What is r(f)?
2
Let a be -996*(2/4 - 20/16). Let b(c) = -12 - 1492*c + a*c + 744*c. Calculate b(-5).
-7
Let u(o) = 22*o + 217. Let a(f) = 45*f + 459. Let j(c) = -10*a(c) + 21*u(c). Calculate j(4).
15
Let i = 73 + -67. Let u(z) be the third derivative of -z**5/120 - z**4/24 + 13*z**3/6 - 16*z**2. Let q(m) be the first derivative of u(m). Calculate q(i).
-7
Let l be -31 + 43 + 411/(-36). Let j(f) be the second derivative of l*f**4 + 0 - 1/20*f**5 - 1/2*f**2 + 7/6*f**3 + 14*f. Determine j(8).
-9
Let z(y) = y - 1. Let q be 868/168 + (-2)/12. Let g(i) = -6. Let u(d) = q*z(d) - g(d). Let a be -3*-1*(-2)/(-6). Determine u(a).
6
Let k(t) be the first derivative of t**4/3 + t**3/3 + t**2 - 69*t + 42. Let u(d) be the first derivative of k(d). What is u(-1)?
4
Let d(q) = q**3 + 8*q**2 - 65*q + 3. Let o be d(-13). Let s(b) = -2*b**3 + 4*b**2 - 2*b - 3. Give s(o).
-27
Let c = 12 - -4. Let f be c/(-40)*(-12 + 2). Suppose -s = -b - 2*s, f*s = 5*b + 18. Let d(m) = -2*m + 1. Give d(b).
5
Suppose 0 = h + f - 150, 515 = 4*h + f - 91. Let b = -148 + h. Let c(u) = -2*u**2 + 4. Give c(b).
-28
Let c(z) = -27*z + 62*z**2 - 32*z**2 - 38*z**2 - 2 + 57*z + 51*z. Calculate c(10).
8
Suppose 79*a - 72*a - 329 = 0. Let w = a - 46. Let h(k) = 12*k**2 + 5*k - 4. Let y(q) = 23*q**2 + 9*q - 7. Let d(c) = 5*h(c) - 3*y(c). Give d(w).
-10
Let i(a) = 7*a**3 - a**2 - 9*a + 2. Let v(z) = 3*z**3 - 4*z + 1. Suppose 0 = 2*b + 2*b - 8. Let r(n) = b*i(n) - 5*v(n). Give r(-3).
2
Let u(f) = -5*f**2 - 8*f + 9. Let l(g) be the second derivative of g**4/6 + g**3/6 - g**2 - 172*g. Let q(a) = -5*l(a) - u(a). Give q(-1).
-7
Let z(b) = -b**2 + 10*b - 17. Let g be z(7). Let o(j) be the third derivative of j**5/60 - j**4/12 - 2*j**3/3 - 6*j**2 - 398*j + 2. What is o(g)?
4
Suppose 5*v + 200 = v. Let p = 63 + v. Suppose -5*w - p = 3*x, -4*w + 5*x = w + 5. Let u(a) = -3*a**2. Calculate u(w).
-12
Let s(z) = 6 + 7*z - 4*z + 2*z. Suppose -86 = 6*g - 46*r + 41*r, 0 = 4*g + r + 14. Determine s(g).
-24
Let a = 188 - 155. Let g(q) = -q + 0*q - a + 0*q + 23. What is g(0)?
-10
Let r(g) = 5*g**3 + 25*g**2 - 27*g + 34. Let u(i) = -3*i**3 - 13*i**2 + 14*i - 17. Let x(n) = 4*r(n) + 7*u(n). Let l be x(8). Let m(a) = 6*a. Determine m(l).
6
Let m be (0 + 3/6)/((-7)/14). Let v(s) = -76*s**2 + s + 1. Give v(m).
-76
Let n(l) = 3 - 3 + 2*l - 1. Let o be -2*(-975)/35*7. Let v = o + -389. Determine n(v).
1
Let u(m) = 38 - 70*m + 40 + m**3 - 65460*m**2 - 65431*m**2 + 130925*m**2. Calculate u(-36).
6
Let q(b) = 3*b**3 - b**2 - 5*b + 4. Let o(l) be the first derivative of -2*l**4 + 2*l**3/3 + 7*l**2 - 11*l - 26. Let z(n) = -4*o(n) - 11*q(n). Determine z(3).
-3
Let k(g) = g**2 - 2*g + 1. Suppose 0 = -5*t + 2*r + 2357, 5*t = -5*r - 620 + 3005. Let d = t + -471. Determine k(d).
1
Let q be 4 - (-20 - 4)/3. Suppose -q*v + 11*v + 8 = 0. Suppose -y + 4*x - 8 = v, 2*x = -4*y - 10. Let h(u) = -u + 4. Determine h(y).
8
Suppose -6*y - 15 = 2*o - y, 6 = -5*o - 2*y. Suppose o = -q + 5 - 1. Suppose -24 = -4*a + 4*k, 7 = q*a - k - 11. Let z(w) = w**2 - 4*w + 2. Determine z(a).
2
Let x(q) be the second derivative of -19*q**3/6 + 17*q**2 + 13605*q. Calculate x(3).
-23
Let q(y) be the third derivative of -6*y**2 + 1/360*y**6 - 1/30*y**5 + 0*y + 5/24*y**4 + 0 + 3/2*y**3. Let n(f) be the first derivative of q(f). What is n(4)?
5
Let f(r) = r**3 + 6*r**2 + 4. Let n(v) = 10*v + 59. Let j(i) = -1 + 8*i - 4*i - 3*i. Let c(s) = -5*j(s) + n(s). Let m be c(-14). Determine f(m).
4
Let d(o) = -o + 4. Let l(v) = 8*v - 6. Let j be l(1). Let m be j - 2 - (5 - -4). Let n be ((-5)/((-10)/m) - -3)*-4. Give d(n).
-2
Suppose -5*q - 233 = -10*w + 13*w, -3*q - 79 = w. Let y be (-26)/(-247) - ((-692)/w - 2). Let n(v) = -2*v**2 - 16*v - 2. What is n(y)?
12
Let i(j) = -3*j**2 - j - 1. Let c(n) = n**3 + 5*n**2 + 12*n - 71. Let a(p) = -c(p) - 6*i(p). Give a(13).
-1
Let k(j) = -5*j**3 + 9*j**2 + 3*j - 7. Let y(z) = -4*z**3 + 8*z**2 + 2*z - 6. Let c(n) = -3*k(n) + 4*y(n). Suppose -4*s + 155 = 14*s + 13*s. Calculate c(s).
-8
Suppose 7*v + 62 = 559. Suppose 57 = -16*y - v. Let b(n) = 3*n + 20. What is b(y)?
-4
Let x(l) be the second derivative of -l**5/120 - l**4/8 + 4*l**3/3 + 10*l - 1. Let n(c) be the second derivative of x(c). What is n(-3)?
0
Let t be 2/2*(-27)/12*-4. Let p(a) = -t*a + 6*a**2 + 3*a**2 + a**3 + 6*a**2 - 9 - 9*a**2. Calculate p(-7).
5
Let i(p) = p**3 - 5*p**2 + 3*p - 5. Let n be (-15)/42*(-24 + 10). Give i(n).
10
Le